r?
8
Let z = 32897 + -29515. What is the thousands digit of z?
3
Suppose 4*w = -4*a - 103 - 29, 117 = -4*w - a. Let m = w + 200. What is the hundreds digit of m?
1
Let q = -20 + 24. Suppose 5*n = -3*j - 9, -2*n + q*n = 0. What is the units digit of (j + -44 + 1)/(-2)?
3
Let c = 127 - 55. Suppose -3*w = -4*z + c, -5*w = -3*z + 46 + 19. What is the tens digit of (2 + 5)/(5/z)?
2
Let x(m) = -4*m**2 + 11*m + 12. Let h be x(-11). Let f = h + 379. Let i = 328 + f. What is the units digit of i?
4
Suppose -12 = 4*z - 0*z. Let r be z/12 - 233/(-4). Suppose -3*u = y - 130, -r = -u + 3*y + 2. What is the tens digit of u?
4
Let n be (-8)/6*(-27)/6. Let k be ((-400)/(-12))/((-5)/(-15)). Suppose n*x - k = 2*x. What is the units digit of x?
5
Let v(k) = -k**3 + 6*k**2 + k + 11. Let y be v(5). Let d = 87 - y. Let x = d + -17. What is the tens digit of x?
2
Let f(i) = -989*i - 515. What is the thousands digit of f(-4)?
3
Let j(y) = -4*y - 3. Let t be j(-1). Let w(r) = 319*r + 3. What is the hundreds digit of w(t)?
3
Suppose -14*y = -56*y - y + 208507. What is the thousands digit of y?
4
Let b be ((-2488)/6)/((-44)/165). Suppose -3*s = 2*w - 1402, -b = -3*w + 2*s + 548. What is the tens digit of w?
0
Suppose 58*n = -141*n + 357962 + 74266. What is the units digit of n?
2
Suppose -621 = 3*g - c, -g - c - 123 - 80 = 0. Let k = 95 + g. Let f = k + 140. What is the tens digit of f?
2
Let o(v) be the third derivative of v**6/20 - 13*v**5/60 + v**4/4 - 7*v**3/6 - 123*v**2. What is the hundreds digit of o(5)?
4
Let o = -1297 - -1515. What is the tens digit of o?
1
Suppose -20*h + 122268 = -231692. What is the ten thousands digit of h?
1
Let c = -115 - 53. Let z be (4 + (c - 4))/1. What is the tens digit of (-2)/(z/83 - -2)?
8
Let u(p) = 38*p**3 + 4*p**2 + 48*p - 19. What is the units digit of u(9)?
9
Let b(u) = -31*u**2 + 3*u - 23. Let m(q) = -30*q**2 + 3*q - 26. Let w(y) = -7*b(y) + 6*m(y). What is the tens digit of w(-4)?
0
Let p(n) be the third derivative of -5*n**4/3 + 13*n**3/3 + 7*n**2. What is the tens digit of p(-7)?
0
Let s = -306 + 309. Suppose -2*k + 30 = 14*d - 12*d, 79 = 5*k + s*d. What is the units digit of k?
7
Let m(a) = 2*a**2 + 16*a + 1. Let x be m(-7). Let y(g) = 14*g - 21. Let p be y(x). Let b = -102 - p. What is the units digit of b?
1
Suppose 3016 = 5*s - 2*q, 5*s - 19*q + 20*q - 3022 = 0. What is the hundreds digit of s?
6
Let r(o) = -2*o**3 - 21*o**2 + 11. Let a(w) = w**3 + w**2. Let b(q) = -3*a(q) - r(q). Let i be b(18). Let g = i - -59. What is the units digit of g?
8
Let i = 167 - 72. Let q(y) = -18*y**2 - 148*y - 27. Let x be q(-8). Suppose 2*b = 7*g - 10*g + 29, 3*g - i = -x*b. What is the tens digit of b?
2
Suppose -31*l + 156630 = 13317. What is the hundreds digit of l?
6
Suppose -172*v + 179*v - 7014 = 0. Let a = 1510 - v. What is the units digit of a?
8
Suppose -j = 39*j + 133*j - 1675851. What is the hundreds digit of j?
6
Let p = -212 + 215. Suppose -g + 5 + 310 = -p*j, 3*g + 4*j = 971. What is the hundreds digit of g?
3
Let d(v) = -11*v**2 + 7*v - 15. Let g(a) = 10*a**2 - 7*a + 14. Suppose -10*u = -12*u + 10. Let f(q) = u*d(q) + 6*g(q). What is the units digit of f(3)?
3
Let t(d) = 2*d**3 - d**2 - 16*d - 8. Suppose 191*v - 187*v = 24. What is the hundreds digit of t(v)?
2
Let o be (8/6 - 1)/((-2)/(-18)). Suppose 136 = y - g, -o*g = 5*y - 2*y - 384. What is the tens digit of -1 + 6/3 + y?
3
Suppose 7*h - 69 - 78 = 0. Let i(a) = -a**2 + 21*a + 3. Let u be i(h). Suppose 200 = u*l - 205. What is the units digit of l?
5
Let y(f) = 203*f**3 - 2*f**2 + 5. Let s be y(-5). Let t be (-6)/(-2)*s/(-60). Suppose -5*l = -u - t, l + 3*u = 94 + 157. What is the tens digit of l?
5
Let i be 4/(-22) + (-12800)/22. What is the units digit of (5/(-3) - 1)/(4/i)?
8
Suppose -2*f = -1 - 17. What is the thousands digit of f + (-133)/14 + 2577/2?
1
Suppose 0*s + m = 2*s + 710, 2*m + 1766 = -5*s. Let q = 650 + s. Let t = 503 - q. What is the hundreds digit of t?
2
What is the ten thousands digit of 111136/6 - ((-52)/(-6))/(-26)?
1
Let n(m) = 13*m + 1879. What is the units digit of n(101)?
2
Suppose 1 = -5*x + m - 6, 4*m = -5*x - 22. Let y(v) = 25 - 8 - 17 - 27*v**3 - 2*v. What is the units digit of y(x)?
0
Let q = 908 + -525. Let h = q - -451. What is the hundreds digit of h?
8
Let j = 3617 + 5598. What is the tens digit of j?
1
Let c = 2255 - 421. Let z = -813 + c. What is the tens digit of z?
2
Let z = 682 - -12633. What is the units digit of z?
5
Let m(c) be the second derivative of -5*c**3/3 + c. Let f be m(-2). Let d = 40 - f. What is the tens digit of d?
2
Let v(k) = 204*k**2 + 1135*k + 8997. What is the units digit of v(-8)?
3
Suppose 59414 + 3989 = 47*t. What is the tens digit of t?
4
Let w(a) be the first derivative of -a**4/4 + 4*a**3 + 19*a**2/2 - 26*a + 1148. Let q = -9 + 21. What is the units digit of w(q)?
2
Let j(i) = 8*i + 122. Let q be j(-15). Suppose q*l = 520 + 304. What is the hundreds digit of l?
4
Suppose 4*m + 5*n - 1113 = 2*m, -5*m = 2*n - 2793. What is the tens digit of m?
5
Let y(k) = 13*k - 21 + 11*k + 12*k - 17*k + 11*k. Suppose 5*p = -10, 3*r + 4*p - 2 = 2*p. What is the tens digit of y(r)?
3
Suppose -12*b - 630 + 335046 = 0. What is the hundreds digit of b?
8
Let b(p) = 9*p**2 - 53*p + 320. What is the thousands digit of b(19)?
2
Suppose 32*n - 3308 - 6484 = 0. Let f = 714 - n. What is the tens digit of f?
0
Suppose -56*l + 55*l - 168 = 0. Let m = 520 + l. What is the hundreds digit of m?
3
Let u(w) = -w**3 + 5*w**2 + 5. Let j be u(5). Suppose g = -j*g. What is the tens digit of (1 - (g + -43)) + 4?
4
Let m be (70670/(-4))/((-40)/(-480)). What is the tens digit of (-8)/68 - m/170?
4
Let m(l) = -2*l**3 + 27*l**2 - 14*l + 6. Let c be m(13). Let s(k) = 7*k**2 - 32. What is the units digit of s(c)?
1
Let w(s) = -3*s**2 + 3*s**2 - 24*s + s**2 + 44*s + 57. What is the tens digit of w(-23)?
2
Let t = 7 + -9. Let c be (-6)/t*20/(-3). Let p(k) = -k**2 - 32*k - 70. What is the hundreds digit of p(c)?
1
Suppose -7*h = -4*h - 15. Suppose h*q = 114 + 166. Suppose 0 = -8*w + 1160 + q. What is the tens digit of w?
5
Let o = -221 - -293. Suppose 4*n = 6*n - 50. Let u = o + n. What is the units digit of u?
7
Suppose -808*h = -759*h - 2940637. What is the thousands digit of h?
0
Suppose -13*n + 49386 + 35816 = 0. What is the units digit of n?
4
Let m(d) = -2 + 4 - 1 + 0*d**2 - 16*d**2 + 2*d. Let g be m(-3). Let z = -70 - g. What is the tens digit of z?
7
Let o(g) = 3*g**3 - 14*g**2 - 15. Let f be o(5). Suppose -99 = -3*v + 15. What is the units digit of 3895/v*8/f?
2
Suppose -f + 7950 = -4*p, 8*f - 3*f - 39858 = 2*p. What is the tens digit of f?
7
Let d = 313 + -271. Suppose -d*j = -1142 - 622. What is the tens digit of j?
4
Let o = -37943 - -74181. What is the tens digit of o?
3
Let b = 9027 - 2746. What is the tens digit of b?
8
Let r = -24 + 19. What is the units digit of ((-2)/r)/(10/2825)?
3
Suppose -5*a - 5 - 5 = 0, 3*a = -2*s + 196. Let f = s - -57. What is the hundreds digit of f?
1
Suppose 49091 = 5*c + 22196 - 69430. What is the units digit of c?
5
Let i(q) = q**3 + 13*q**2 - 13*q - 37. Let b be i(-14). What is the hundreds digit of 795/(-106)*(b + 1)?
3
Suppose -2*b - b = 3*y - 3630, 0 = -2*y - 2. Suppose -b + 503 = -2*f. Suppose -c = -5*p + f, 0*p + 3*p - 202 = -2*c. What is the tens digit of p?
7
Let i(o) = -3*o**3 + 216*o**2 - 42*o - 104. What is the hundreds digit of i(71)?
0
Let s = 113 + -160. Let b be s*(-5)/(-2)*(-4)/(-10). Let u = 3 - b. What is the tens digit of u?
5
Let x be (17/(-3))/((-35)/630). What is the tens digit of 8 + -9 + 2*x?
0
Let z = -57256 - -147590. What is the units digit of z?
4
Suppose -b - 4*k - 2 = 0, 0 = -7*b + 3*b - 4*k + 4. Let t(p) = -6*p + 3. Let l be t(b). Let z = l - -102. What is the tens digit of z?
9
Suppose -5*g = -9*g - 532. Let x = g + 136. Let y(o) = 14*o**2 + 2*o - 13. What is the units digit of y(x)?
9
Suppose 6*u + 3 = 7*u. Suppose -a - 906 = -u*a. What is the hundreds digit of a?
4
Suppose 0 = 44*n - 57*n - 13715. Let v = n - -2471. What is the units digit of v?
6
Let x be (-2 + -6 - -2547) + 10/(-2). What is the units digit of 3/(21/x)*2/4?
1
Let d be (1/6)/(2/4) + (-638)/(-66). Let m(h) = 23*h + 11. Let g(a) = 12*a + 5. Let x(b) = -7*g(b) + 4*m(b). What is the units digit of x(d)?
